.
8
Suppose i + s + 3 = 0, -4*s = -6*i + 2*i - 20. Let q = i + 9. Let y(d) = -d - 1. Give y(q).
-6
Let n(o) = -3*o + 3*o - o + 1. Let m be n(6). Let l(w) = w**2 + 5*w - 5. What is l(m)?
-5
Let x(n) = -3 + n**3 - 7*n + 10*n + 1 - 5*n**2. Determine x(3).
-11
Let h(d) be the second derivative of 2*d**3/3 - d**2 - 4*d. Suppose -3*s = -8*s + 10. Determine h(s).
6
Let f be -24 - -6*3/6. Let r = f + 24. Let h(s) = -s**2 + 2*s + 4. Give h(r).
1
Let m(t) be the third derivative of -t**5/30 + t**4/24 - 4*t**2. Let x be 3/4 + (-1)/(-4). Give m(x).
-1
Let s(o) be the first derivative of -o**5/120 + o**4/12 + 2*o**3/3 + 3. Let l(i) be the third derivative of s(i). Let k be (2 - 0) + -2 + 1. Calculate l(k).
1
Let t(k) = k - 1. Let a be 4*-1 - (4 + -4 + 2). Determine t(a).
-7
Let s(p) = p + 21 - 11 - 3*p + 0*p. What is s(8)?
-6
Suppose -g - 2*g - 3 = 0. Let j(b) = -b - 3*b**2 - 2*b**2 + b**2 - 2 + 3*b**2. Let w(p) = -3*p**2 - 2*p - 5. Let t(f) = 5*j(f) - 2*w(f). What is t(g)?
2
Let c(f) = f**3 - 7*f**2 + 6*f + 8. Let r(j) = -6 + 4*j**2 - j + j**2 + 5*j - 4*j**2. Let q be r(-6). Give c(q).
8
Let k(f) = -f. Let m(c) = -2*c - 27. Let j(s) = -3*k(s) + m(s). Calculate j(0).
-27
Suppose 53 = -3*r + 2. Let u = -9 - r. Let o(n) = -n**3 + 8*n**2 + n - 9. Let v be o(u). Let j(k) = k. Calculate j(v).
-1
Suppose 0 = -2*d + 2*w + 8, -3*d + 2*w + 2 = -12. Let g(q) = 2*q + 3. What is g(d)?
15
Suppose 3*i = 4*l - 6*l + 18, -3*l + 13 = i. Let s(z) = l*z + 0*z + 3*z**2 - 4*z. Let v be ((-9)/(-27))/((-2)/6). Give s(v).
4
Let m(j) = -j**2 - 10*j + 11. Let f be m(-11). Let q(v) = 7*v - 3*v - 3*v - v**2 - 7 + 0*v**2. Calculate q(f).
-7
Let l(y) be the first derivative of -y**3/3 - 9*y**2/2 - 7*y + 5. Determine l(-6).
11
Let b(g) be the third derivative of 1/180*g**6 + 0*g**5 + 1/24*g**4 - 3*g**2 + 0 + 1/3*g**3 + 0*g. Let m(n) be the first derivative of b(n). What is m(1)?
3
Let z be -3*(2 + (-8)/3). Suppose -z*v = 6 - 14. Suppose -3*h - 10 = v*q - 41, h = -2*q + 13. Let b(m) = -m + 12. Calculate b(h).
7
Let q(g) be the third derivative of g**6/120 - 2*g**5/15 + g**4/8 + 4*g**3/3 + 27*g**2. Give q(7).
-20
Let r(n) be the second derivative of n**6/720 + 5*n**4/12 - 3*n. Let i(g) be the third derivative of r(g). Give i(4).
4
Let s(a) = -2*a - 6. Let x be (-4)/22 + (-6)/(-33). Suppose 3*q + 2 + 16 = x. Calculate s(q).
6
Let o be (2*-1)/((-3)/(-9)). Let y(l) = -2. Let c(s) = s + 18. Let v(k) = -c(k) - 6*y(k). Calculate v(o).
0
Let i be ((-28)/(-21))/(2/12). Let x(s) = -s - 4*s**2 + 0*s**2 - 1 + i*s**2. Calculate x(-1).
4
Let z(x) = -x. Suppose -t + 6*t - 25 = 0. Let p(q) = q**2 + q - 2. Let r be p(-4). Let s = t - r. Calculate z(s).
5
Suppose w = 2*w. Suppose 6*r - r = w. Let i(x) = -x + 6. Give i(r).
6
Suppose z + 3 = 4*q - 4*z, -2*q = -2*z - 2. Let p(r) = 0*r - r**3 + 5*r**q + 0*r**2 + 4*r - r**2. Calculate p(5).
-5
Let n(j) = -2*j**2 - 3*j + 3. Let v(r) = -3*r + 0*r + 2 + 9*r - 2*r - r**2. Let a be v(5). Calculate n(a).
-6
Let g(p) = 2*p - p**2 + 1 + 0*p - 2. What is g(3)?
-4
Let w(n) = -n**3 - 6*n**2 + 7*n - 3. Suppose -3 - 32 = 5*k. Calculate w(k).
-3
Let m(g) be the second derivative of g**4/12 - g**3/6 - 5*g**2/2 + 2*g. Calculate m(4).
7
Let f(o) be the second derivative of 1/20*o**5 + 0 + 1/3*o**3 - 4*o - 5/12*o**4 + 5/2*o**2. Determine f(4).
-3
Let b(l) = 12*l - 7. Let f(c) = 6*c - 3. Let a(x) = 6*b(x) - 13*f(x). Suppose 2*h = 5*r - 48 - 74, h + 97 = 4*r. Let s = r + -26. Calculate a(s).
9
Let c(b) = b - 48*b**2 + 0*b + 42*b**2. Give c(1).
-5
Let g(p) = p**3 - 5*p**2 - 5*p + 3. Let c be g(5). Let b = c - -23. Let j(r) be the third derivative of -r**6/30 - r**4/12 + r**3/6 + r**2. Give j(b).
-5
Let b = -6 - -8. Let k(u) = -u**b - 3 - 5*u + 1 - 5. Let z = -10 - -5. Give k(z).
-7
Let a(w) = -w**3 + 3*w**2 + w. Let t(z) = -2*z. Let s(v) = -v**2 + 8*v - 8. Let y be s(7). Let p be t(y). Let o be -3*1*(p + -3). Give a(o).
3
Suppose q = -4*l + 9, -2*l + l = 4*q - 21. Let m(b) = 8*b**3 - 1. Let h(f) = -8*f**3 + 1. Let y(d) = 4*h(d) + 3*m(d). Give y(l).
-7
Let z(o) = -4*o**3 - 5*o**2 - 4*o + 3. Let n(w) = -7*w**3 - 9*w**2 - 7*w + 5. Let g(a) = -3*n(a) + 5*z(a). Give g(-2).
-2
Let d(r) be the third derivative of r**6/24 - r**5/60 + 3*r**2. Calculate d(-1).
-6
Let m be -3 - ((-8)/2 + -7). Let k(d) = -2*d + 11. Calculate k(m).
-5
Let n be 8/(-14) - (-64)/14. Let z(j) = -5*j**2 + 3 - n*j**2 + 10*j**2 + 6*j. Determine z(-4).
-5
Let h be (-26)/6*(5 - 2). Let u(v) = 11*v**2 + 19*v - 1. Let x(g) = -5*g**2 - 9*g. Let t(y) = h*x(y) - 6*u(y). Give t(5).
-4
Let c(l) be the first derivative of -l**4/4 - l**3 + 5*l**2/2 + 6*l - 24. Let h = 2 - 6. Give c(h).
2
Let n(g) = g**3 + 2*g**2 - 3*g + 1. Suppose 0 = 2*r - 3*t - 5 + 24, 5*t = 5*r + 35. Let h = r - -4. Give n(h).
11
Let x(k) = 3*k - 5. Let a(j) = -7*j + 9. Let p(n) = 6*a(n) + 11*x(n). Let w = 2 - 1. Give p(w).
-10
Let s(r) = 0*r + 6*r - r**2 + 4 - 2*r. Let o = -35 - -39. Calculate s(o).
4
Let n(b) = -7*b - 1. Let i(z) = -20*z - 3. Let p(c) = 4*i(c) - 11*n(c). Determine p(1).
-4
Let p(f) be the second derivative of -f**4/12 + f**3/6 + 3*f**2/2 - f. Let q = -12 - -18. Suppose g - 4*o + 22 = -g, -3*o = 2*g - q. Calculate p(g).
-9
Let i = 8 + -8. Let q(h) = -7*h**3 - 6*h**2 + 9. Let k(o) = -8*o**3 - 7*o**2 + 9. Let c(f) = 6*k(f) - 7*q(f). Determine c(i).
-9
Let a(t) = t + 184 + 178 - 366. Give a(0).
-4
Let u(p) = 8*p**2. Suppose 0 = -z + 3*z + 2. What is u(z)?
8
Let j(f) = -5*f**2 - 5*f + 6. Let h(l) = -4*l**2 - 4*l + 5. Let q(k) = 3*h(k) - 2*j(k). Calculate q(-3).
-9
Let h be (-8)/(-24) + (-11)/(-3). Let l(t) = 2*t + 2 - 3*t - t - h. Determine l(-5).
8
Let l(q) = q - 3. Let f(v) = -1. Let x(r) = 5*f(r) - 3*l(r). Let a(c) = -c. Let g(t) = -4*a(t) + x(t). Determine g(-3).
1
Suppose 6*x = -x + 21. Let y(l) be the first derivative of 4 + 0*l + 1/3*l**x - 2*l**2. Determine y(3).
-3
Let p(z) be the second derivative of 1/12*z**4 - 7/6*z**3 + 0 + z**2 - 8*z. Give p(5).
-8
Let c(q) be the first derivative of q**4/12 + 5*q**3/6 + 3*q**2 - 2*q - 3. Let h(b) be the first derivative of c(b). Determine h(-5).
6
Suppose j = 2*j + 5. Let o(l) = -2 + 84*l + 86*l + 89*l - 260*l. Calculate o(j).
3
Let w(p) = 0*p**3 + 33*p + 6*p**3 - 4*p**2 - 35*p - 5*p**3. What is w(4)?
-8
Let w(v) = 3*v - 1. Let x be 2/(-7) - 279/(-21). Let d = -9 + x. Suppose 2*t + 0 = d. Give w(t).
5
Let m(u) = -3*u + 4. Let l(s) = 3*s - 5. Let n(d) = 5*l(d) + 6*m(d). Give n(-2).
5
Let i be (2/8)/(6/24). Let s(n) = -5*n + 1. Calculate s(i).
-4
Let p(v) = -6*v**3 + 11*v**3 - 2 + 1 + 0. Let g = -8 + 7. Calculate p(g).
-6
Let b(a) = -a**3 - 10*a**2 - 7*a + 10. Suppose 4*h - 2*i + 12 = -32, -4*i = -16. Give b(h).
-8
Let i(b) = 3*b + 5*b**2 - b**3 + 2*b**3 + b**2 - 3*b**2. Let v be i(-2). Let r(n) = -n - 2. Give r(v).
0
Let i(p) = -1. Let h(k) = -39*k - 14. Let d(z) = -h(z) - 4*i(z). Let j(v) = 6*v - 3*v + 5 + 8*v. Let b(c) = 5*d(c) - 18*j(c). What is b(2)?
-6
Let o be (-10)/4 + ((-5)/10 - 2). Let i(w) be the third derivative of -w**6/120 - w**5/10 - 7*w**4/24 - w**3 - w**2. What is i(o)?
4
Suppose -11 = -3*d - 4*m, 3*m - 5 = -5*d - m. Let t(c) = c**2 + 4*c + 2. Determine t(d).
-1
Let p(q) = -2*q**2 - 15 + 2*q + 16 - 2*q**3 + 0*q**2. Give p(-2).
5
Let j = 4 - 3. Let o(g) be the first derivative of -3*g**3 + g + 27. Determine o(j).
-8
Let w(v) = v**2 + 9*v + 9. Suppose 48 = -11*o + 3*o. Give w(o).
-9
Let v(a) = a**2 + 5*a - 2. Let t be v(-6). Let g(z) be the second derivative of 0 + 3*z + 5/6*z**3 + 1/12*z**t + z**2. Calculate g(-3).
-4
Let a(m) = 2*m - 1. Let l be -2*(1 + (-10)/4). Suppose -2*s = -2*r - 10, 0 = l*r + 3*s + s + 1. What is a(r)?
-7
Let v(a) be the first derivative of -a**4/4 + 4*a**3/3 + 3*a**2 - a - 1. Suppose 5*t - 8*t + 3 = 4*w, 5*t = -4*w + 13. Give v(t).
4
Let h(u) be the third derivative of 0 + 1/24*u**4 + 2*u**2 + 1/6*u**3 + 0*u - 1/60*u**5. Give h(2).
-1
Let h = -3 - 1. Let m(t) = -t**3 - 4*t**2 - 2*t - 5. What is m(h)?
3
Let a be ((-5)/2)/(1/(-2)). Let q be (6 + -33 + 6)*(-2)/6. Suppose -5*h = 3*w - 9, -2*w - a*h = -q*w - 25. Let f(y) = 2*y + 1. Determine f(w).
-3
Let h = -48 - -41. Let k(n) = -n**2 - 8*n - 2. What is k(h)?
5
Let r(h) = h**2 - 11*h - 3. Let j(o) = -o**2 + 10*o + 2. Let i(k) = 4*j(k) + 3*r(k). Let c be 8 - 1 - 4/(-2). Let x = c - 4. What is i(x)?
9
Let q(l